559 = c*g. What is the remainder when g is divided by 28?
27
Let o(w) = 10 + 34*w**2 - 6*w**2 - 16*w**2 - 11*w**2 + 9*w. Let s be o(-8). Let p = s - -37. What is the remainder when 194 is divided by p?
38
Suppose j - 485 = -5*g, 2*j - 421 = -2*g + 573. Calculate the remainder when j is divided by ((-21)/6*400/125)/(4/(-10)).
24
Let y(f) = 312*f + 318. Calculate the remainder when 552 is divided by y(-1).
0
Let p(z) = -28343*z**2 - 10 + 9*z - 3*z + 28337*z**2 + 3*z**3. Calculate the remainder when p(4) is divided by 37.
36
Suppose 0 = -70*g + 5*g + 1246 + 12144. Calculate the remainder when g is divided by 61.
23
Let g(j) = -952*j - 1328. What is the remainder when g(-2) is divided by 304?
272
Let u(h) = 44*h + 2571. What is the remainder when u(-50) is divided by 34?
31
Let w be (-3)/(-9)*(2 - -946). Let k = -271 + w. What is the remainder when k is divided by 16?
13
Let w(z) = 2*z**3 - 8*z**2 + 2*z - 5. Let p be w(4). Suppose -7 = -y - 12, p*x = -y + 1084. Calculate the remainder when x is divided by 13.
12
Calculate the remainder when 3032*((-1 + -1)/(-4))/(-43 + 45) is divided by 189.
2
Suppose 0 = -6*c - 258 + 306. What is the remainder when 54 is divided by (-12)/c*224/(-48)?
5
Suppose 3*w = 4*o - 9426, 4*w = 177*o - 174*o - 7073. What is the remainder when o is divided by 785?
0
Let x(j) = -16*j + 1383. Calculate the remainder when x(23) is divided by 336.
7
Suppose -4*n - 16*i = -19*i - 122, -5*i + 135 = 3*n. What is the remainder when 106 is divided by n?
1
Let o(k) = -773*k + 88. Calculate the remainder when o(-5) is divided by 43.
40
Let a = -70 - -40. Let f = a + 37. What is the remainder when 83 is divided by f?
6
Suppose -2*b + 10 + 26 = 0. Suppose -y + 22 = b. Suppose y*r - 3*a - 55 = 0, -2*r + r = -5*a - 1. Calculate the remainder when 43 is divided by r.
11
Suppose 4*k + 16 = 8. Calculate the remainder when 28 is divided by ((-5)/k)/((-29)/(-174)).
13
Let s(i) = 2*i**3 - 6*i**2 + 2*i + 4. Suppose -538 - 1588 = -63*t + 142. Calculate the remainder when s(4) is divided by t.
8
Let y = 32598 + -32227. What is the remainder when y is divided by -2 - -3 - (-31 - -1)?
30
Suppose -9*v + 0*v = -135. Let g = -253 + 168. Let x = -12 - g. What is the remainder when x is divided by v?
13
Suppose -114*i = -94*i. Suppose -24*h - 88 + 472 = i. What is the remainder when 44 is divided by h?
12
Let r be ((-1)/(-1))/2 + (-5)/(-2). Calculate the remainder when (4/r)/((-68)/(-1683)) is divided by 12.
9
Suppose 311 = -6*s + 1403. Suppose -4*o - 2*j + 1296 = -s, 5*o + 5*j - 1840 = 0. What is the remainder when o is divided by 62?
61
Let g = 47 + -44. Suppose x + 0 - g = 0. Suppose -x*i - 12 + 558 = 0. Calculate the remainder when i is divided by 37.
34
Let t be (518752/(-48))/(-13) - (-2)/3. Let i = t + -777. Calculate the remainder when i is divided by 21.
13
Let o(g) = 47*g + 18*g - 30*g. Let k(z) = z + 1. Let w(h) = k(h) + o(h). What is the remainder when 184 is divided by w(1)?
36
Let z = -219 + 238. What is the remainder when ((-564)/(-5))/1 + 2/10 is divided by z?
18
Let c = 392 + -174. Suppose 0 = r - z - c, 4*r + 4*z - 872 = -z. What is the remainder when r is divided by 55?
53
Suppose 2*w + 29 = 3*a, -a - w = a - 17. What is the remainder when 40 is divided by a?
4
Let g(o) be the second derivative of -o**4/12 - 7*o**3/2 + 19*o**2 - 12*o. What is the remainder when g(-19) is divided by 4?
0
Let b(x) = 12*x**2 + 1. Let i = -183 - -184. What is the remainder when 141 is divided by b(i)?
11
Suppose 2*r = -5*i + 47, 165*i - 28 = -r + 164*i. Calculate the remainder when 110 is divided by r.
17
Let a = 63 + -57. Suppose -a = -10*g + 7*g. Suppose -g*y = -3*y + 23. Calculate the remainder when 41 is divided by y.
18
Suppose 2*u - 8 - 2 = 0. What is the remainder when (-11)/(-22)*-1*(-28 - 0) is divided by u?
4
Calculate the remainder when ((-111)/(-3) - 5)*13 is divided by 54.
38
Let f be 3*-1*(19 + -20). Suppose 3*s = -2*k + 36, -k = s + f*k - 22. What is the remainder when 35 is divided by s?
5
Suppose 886 = 2*r + 268. Suppose -6*o + 495 + r = 0. Calculate the remainder when o is divided by 68.
66
Let h = 249 - 72. Suppose 173*u + 92 = h*u. Suppose -20 = -2*d - 0*i - 2*i, 0 = 2*d - 2*i - 4. What is the remainder when u is divided by d?
5
Suppose -6*l = -l + 5*f + 115, 0 = -l - 2*f - 28. Let u(p) = -p**2 - 23*p - 76. What is the remainder when 70 is divided by u(l)?
0
Let c be 4536/99 - (2/(-11))/1. Suppose -45*w = -c*w + 171. What is the remainder when w is divided by 60?
51
Let b = -1 - -8. Suppose -b*l + 23 + 5 = 0. Suppose k + 696 = 4*z + 4*k, -l*k - 668 = -4*z. What is the remainder when z is divided by 43?
42
Let s = -779 + 497. Let k = s + 349. Calculate the remainder when 128 is divided by k.
61
Let f = 841 - 814. Calculate the remainder when 133 is divided by f.
25
Suppose 0 = -8*a + 12*a + 3*n - 155, -a + 50 = 3*n. Let y = 23 + a. What is the remainder when 60 is divided by y?
2
Let z(d) = -3*d**2 + 4*d - 2. Let w be z(1). What is the remainder when 84 is divided by (3 + 2/w + 2)*6?
12
Suppose 3*f - 45 = -8 + 116. What is the remainder when 156 is divided by f?
3
Suppose s + 4*s + 3*k = 127, 0 = 3*k - 12. Suppose 145 - 421 = -s*z. Let w(q) = -q**2 - 11*q - 9. Calculate the remainder when w(-7) is divided by z.
7
Let t(n) = -n**3 + 81*n**2 + 14*n + 5636. Calculate the remainder when t(82) is divided by 58*(-2 - (-5)/2).
2
Let t = 13062 - 13051. Suppose 5*w + 0*r - 801 = -r, 0 = -5*r + 5. Suppose -t*x - w = -391. What is the remainder when 79 is divided by x?
16
Suppose 3*y - 5*f + 6 = 0, 5*y = f - 1 - 9. Let q be -122*2/32*4*y. Calculate the remainder when 1 + (q - 0) + -5 + 4 is divided by 31.
30
Let s = -58 - -60. Suppose -3*n = -c - 52, 6*n - s*n + 5*c - 101 = 0. What is the remainder when 73 is divided by n?
16
Let r = -29896 - -29959. Calculate the remainder when 818 is divided by r.
62
Let l(p) = -p**3 - 7*p**2 + 3*p - 1. Let k(x) = -394*x + 403. What is the remainder when l(-8) is divided by k(1)?
3
Let z = 26852 + -26102. What is the remainder when z is divided by 731?
19
Let b(p) = p**2 + p + 2. Let s(h) = h**3 + h**2 - 16*h - 35. Let j(f) = 6*b(f) + s(f). What is the remainder when j(-5) is divided by 47?
30
Suppose 4*l - 2*m = 12, -5*l + 15 = m - 3*m. Suppose l*n + 2 = 2*n, q + n = 17. What is the remainder when 66 is divided by q?
9
Let q = -487 + 563. Calculate the remainder when 9650 is divided by q.
74
Suppose 0 = 43*x - 41*x. Suppose x = 3*a - 27 - 318. Calculate the remainder when a is divided by 57.
1
Let n(v) = -10*v - 14. Let i be n(-16). Let s = i - 102. What is the remainder when ((-22)/(-6) - 4)*-1047 is divided by s?
41
Suppose -2*t - 5*s = -13, -5*s - 2 = -2*t + 1. Suppose -j + 6*j - 325 = 0. Let d = j + t. Calculate the remainder when d is divided by 18.
15
Let l = 151 - 149. What is the remainder when 62/(0 + 3 + -1) is divided by (4 + 22/(-4))*l - -14?
9
Calculate the remainder when (-2)/(-9) - 99247/(-549) is divided by 18.
1
Let b = -63 + 70. Suppose 0*y = b*y - 35. Let c(v) = 8*v + 17. What is the remainder when c(y) is divided by 20?
17
Let s(a) = -a**3 + 25*a**2 - 21*a - 8. Let t be 6/(-15) + 54/10. Suppose -t*g = -g - 44. What is the remainder when s(24) is divided by g?
9
Suppose -404 - 550 = -6*p. Let m = p - 57. Suppose -w = -3*w + m. Calculate the remainder when w is divided by 27.
24
Calculate the remainder when 5/(30/(-24))*(-4)/((-16)/(-1174)) is divided by 119.
103
Suppose -633619 - 1135324 = -315*o + 181222. Calculate the remainder when o is divided by 2062.
5
Let x(i) = -420*i - 1670. Calculate the remainder when 23 is divided by x(-4).
3
Let k be (2/(-4))/((-3)/18). Suppose k*q = -q + 76. Let n = 41528 + -41523. Calculate the remainder when q is divided by n.
4
Let u = 115 - 97. Suppose -10*r = -4*r - u. Suppose -r*p + 148 = p. Calculate the remainder when 109 is divided by p.
35
Calculate the remainder when 4274 is divided by (-295)/(-4) - (-23 + 1131/52).
74
Suppose 6181*n - 6185*n + 1016 = 0. What is the remainder when n is divided by 53?
42
Suppose -12*m + 477 = -939. What is the remainder when m is divided by 22?
8
Let m = -1966 - -2398. Calculate the remainder when m is divided by 13.
3
Suppose 0 = 33*a - 43*a + 1510. Let s = 182 - a. What is the remainder when 153 is divided by s?
2